alse
Is 8 a factor of 2550944?
True
Is 171168 a multiple of 16?
True
Does 226 divide 199349?
False
Does 35 divide 82075?
True
Does 11 divide 1005301?
True
Does 15 divide 130290?
True
Is 12 a factor of 79308?
True
Does 71 divide 519578?
True
Is 23 a factor of 669645?
True
Is 43 a factor of 27139280?
False
Is 183750 a multiple of 52?
False
Does 5 divide 1177050?
True
Is 639 a factor of 1066491?
True
Is 269132 a multiple of 3?
False
Does 14 divide 15831560?
False
Is 25 a factor of 91975?
True
Does 149 divide 33674?
True
Is 13 a factor of 244348?
True
Is 307761 a multiple of 423?
False
Is 180 a factor of 11225581?
False
Does 96 divide 913168?
False
Does 2487 divide 9307626?
False
Does 451 divide 10837530?
True
Is 37 a factor of 499191?
False
Is 361390 a multiple of 355?
True
Does 2 divide 1267621?
False
Is 477 a factor of 527085?
True
Does 25 divide 405445?
False
Is 7 a factor of 5091149?
True
Does 18 divide 35100?
True
Is 216 a factor of 838296?
True
Is 15335334 a multiple of 49?
True
Is 42 a factor of 248136?
True
Is 2001288 a multiple of 12?
True
Is 13001 a multiple of 13?
False
Does 494 divide 47918?
True
Is 605472 a multiple of 97?
False
Is 32 a factor of 187104?
True
Is 830573 a multiple of 173?
True
Is 189 a factor of 4310712?
True
Does 536 divide 341041?
False
Is 12946756 a multiple of 6?
False
Does 20 divide 1241503?
False
Is 21 a factor of 5832278?
False
Is 214 a factor of 632156?
True
Is 105813 a multiple of 188?
False
Does 552 divide 368115?
False
Is 217750 a multiple of 325?
True
Does 72 divide 128458?
False
Does 30 divide 90570?
True
Is 5583404 a multiple of 7?
False
Does 210 divide 33180?
True
Is 39 a factor of 8034?
True
Is 7 a factor of 213682?
True
Is 8 a factor of 5355875?
False
Is 18168700 a multiple of 11?
True
Is 34 a factor of 51470?
False
Is 117540 a multiple of 18?
True
Is 600 a factor of 1290600?
True
Does 15 divide 5895?
True
Is 995 a factor of 4332230?
True
Does 917 divide 1074211?
False
Is 30 a factor of 212820?
True
Does 18 divide 18954?
True
Does 1178 divide 7419044?
True
Is 361840 a multiple of 10?
True
Is 2201 a multiple of 3?
False
Does 637 divide 1021111?
True
Is 331 a factor of 65869?
True
Does 94 divide 94738?
False
Is 7316335 a multiple of 65?
True
Is 18 a factor of 41595?
False
Is 78 a factor of 4133320?
False
Is 21 a factor of 18165?
True
Is 124151 a multiple of 109?
True
Does 1043 divide 1444555?
True
Does 20 divide 769040?
True
Does 26 divide 238914?
True
Is 982 a factor of 42137339?
False
Does 111 divide 22497?
False
Is 35 a factor of 197315?
False
Is 49 a factor of 6419?
True
Is 1033 a factor of 2283963?
True
Is 62085 a multiple of 15?
True
Does 17 divide 119025?
False
Is 101 a factor of 4949?
True
Is 5155425 a multiple of 25?
True
Does 11 divide 165426?
False
Is 5 a factor of 3011990?
True
Is 62991 a multiple of 9?
True
Does 17 divide 696507?
True
Does 160 divide 194080?
True
Does 13 divide 500278?
False
Is 5 a factor of 4765117?
False
Is 131702 a multiple of 19?
False
Does 63 divide 1959854?
False
Is 421371 a multiple of 663?
False
Is 15 a factor of 443475?
True
Does 244 divide 778848?
True
Is 70 a factor of 2465400?
True
Is 255 a factor of 184863?
False
Is 794 a factor of 405734?
True
Is 71 a factor of 2434211?
False
Does 123 divide 7849245?
True
Is 4728724 a multiple of 364?
True
Is 50 a factor of 20912993?
False
Does 110 divide 119900?
True
Is 858500 a multiple of 68?
True
Is 48 a factor of 635808?
True
Is 226197 a multiple of 4?
False
Is 3616578 a multiple of 13?
False
Is 17 a factor of 6001?
True
Is 143 a factor of 3528668?
True
Is 3824967 a multiple of 1065?
False
Is 99 a factor of 186120?
True
Is 9183867 a multiple of 340?
False
Is 2015895 a multiple of 5?
True
Is 257 a factor of 6958973?
False
Is 21 a factor of 139209?
True
Does 23 divide 4425177?
True
Is 13360095 a multiple of 1245?
True
Is 227 a factor of 11292342?
True
Is 147414 a multiple of 98?
False
Is 263252 a multiple of 8?
False
Does 37 divide 662485?
True
Does 169 divide 298490?
False
Does 76 divide 105716?
True
Is 42 a factor of 787348?
False
Does 45 divide 14490?
True
Is 149 a factor of 3497179?
True
Is 415 a factor of 7382850?
True
Is 79017 a multiple of 24?
False
Is 1910852 a multiple of 316?
True
Is 255 a factor of 13732764?
False
Is 25098 a multiple of 141?
True
Is 98 a factor of 3195061?
False
Is 16 a factor of 2378288?
True
Is 725685 a multiple of 22?
False
Is 2620 a multiple of 43?
False
Is 406812 a multiple of 94?
False
Is 118 a factor of 259172?
False
Is 162108 a multiple of 203?
False
Is 53 a factor of 96301?
True
Does 28 divide 4897469?
False
Does 207 divide 272412?
True
Is 46464 a multiple of 22?
True
Is 35772 a multiple of 132?
True
Is 257191 a multiple of 34?
False
Does 684 divide 1074302?
False
Is 26 a factor of 2164575?
False
Is 777644 a multiple of 462?
False
Does 45 divide 72630?
True
Does 46 divide 360612?
False
Is 69 a factor of 42642?
True
Is 10 a factor of 3083?
False
Is 2487013 a multiple of 23?
True
Is 467568 a multiple of 16?
True
Is 3040634 a multiple of 127?
True
Is 5 a factor of 3145?
True
Is 22 a factor of 15955063?
False
Is 78 a factor of 1322771?
False
Is 100 a factor of 509941?
False
Is 22 a factor of 871574?
True
Is 4158 a multiple of 297?
True
Is 741 a factor of 12401230?
False
Does 19 divide 135380?
False
Is 16 a factor of 273472?
True
Does 104 divide 660603?
False
Does 428 divide 1496831?
False
Is 35 a factor of 217245?
True
Is 12 a factor of 876184?
False
Does 13 divide 279359?
False
Is 150774 a multiple of 13?
True
Is 581828 a multiple of 13?
True
Is 30 a factor of 3213630?
True
Is 14 a factor of 7027182?
False
Is 4835736 a multiple of 36?
True
Is 270165 a multiple of 249?
True
Is 608995 a multiple of 6?
False
Is 827 a factor of 10036829?
False
Is 421 a factor of 24425?
False
Is 661637 a multiple of 68?
False
Is 201745 a multiple of 5?
True
Does 16 divide 42320?
True
Is 63 a factor of 187992?
True
Is 12 a factor of 8495148?
True
Does 59 divide 653943?
False
Is 787707 a multiple of 89?
False
Does 459 divide 178398?
False
Does 421 divide 6583064?
False
Is 4121339 a multiple of 429?
False
Does 125 divide 135327?
False
Is 101 a factor of 1775883?
True
Does 115 divide 540485?
False
Is 2738772 a multiple of 18?
True
Is 25658064 a multiple of 144?
True
Is 20 a factor of 1944140?
True
Does 2 divide 2399149?
False
Is 1714775 a multiple of 565?
True
Is 12 a factor of 715253?
False
Is 66 a factor of 376310?
False
Does 2 divide 46436?
True
Is 716992 a multiple of 1088?
True
Does 37 divide 11468910?
False
Does 184 divide 2266817?
False
Does 12 divide 245964?
True
Does 279 divide 72872?
False
Is 1201 a factor of 306789?
False
Is 94 a factor of 626440?
False
Is 95 a factor of 156399?
False
Is 26 a factor of 33644?
True
Does 18 divide 140364?
True
Is 46 a factor of 236359?
False
Is 86100 a multiple of 7?
True
Is 97 a factor of 275286?
True
Is 339 a factor of 50905?
False
Is 206530 a multiple of 5?
True
Is 40 a factor of 403735?
False
Does 900 divide 1857282?
False
Does 52 divide 15236?
True
Is 10484892 a multiple of 332?
True
Is 22 a factor of 36190?
True
Does 226 divide 1880320?
True
Does 195 divide 10725?
True
Is 4 a factor of 61952?
True
Is 54 a factor of 58806?
True
Is 1867932 a multiple of 89?
True
Does 8 divide 536082?
False
Does 71 divide 336061?
False
Is 26 a factor of 2441797?
False
Is 16 a factor of 10170?
False
Is 50 a factor of 3477023?
False
Is 15 a factor of 3920280?
True
Is 4 a factor of 101300?
True
Is 7261 a multiple of 18?
False
Is 11 a factor of 672908?
False
Does 325 divide 386425?
True
Is 1758640 a multiple of 380?
True
Is 192 a factor of 579648?
True
Is 652 a factor of 155176?
True
Is 137 a factor of 11967635?
True
Does 12 divide 2277028?
False
Is 3 a factor of 18066?
True
Does 15 divide 2730456?
False
Is 5 a factor of 189304?
False
Is 295 a factor of 11016?
False
Is 444252 a multiple of 17?
False
Is 305 a factor of 3114935?
False
Is 7 a factor of 6282738?
True
Is 42241 a multiple of 53?
True
Is 120 a factor of 635035?
False
Does 37 divide 254190?
True
Does 194 divide 371493?
False
Is 25783730 a multiple of 1118?
False
Is 30 a factor of 1773660?
True
Does 199 divide 2762916?
True
Is 3 a factor of 1824522?
True
Is 52785 a multiple of 171?
False
Is 52490 a multiple of 10?
True
Does 106 